 Suppose -c - 12 = -5*c. Let h(z) = -3 + 5*z**3 + 2 - 4*z**c + 5*z**2. Determine h(k).
-1
Let n(a) be the third derivative of a**7/2520 + a**6/60 - a**5/20 + a**4/8 + 8*a**2. Let w(u) be the second derivative of n(u). Determine w(-12).
-6
Let g(f) = f**2 - 5*f - 5. Let d(p) = -p**2 + 6*p + 6. Let l be (22 - 26)/(1*-1). Let z(u) = l*d(u) + 5*g(u). Determine z(2).
1
Suppose 4*z - 2*c - 5 = -3*c, -5*z + 8 = 3*c. Let a(i) = i**3 - 6*i**2 - i + 10. Let g be a(6). Let v(p) = -z - g - p + 7 + 8. Calculate v(0).
10
Let q(z) = 14*z**3 + z**2 + 2*z - 2. Let y be q(1). Suppose -y = -3*f - 2*f. Let g(b) = b**2 - 2*b - 3. Determine g(f).
0
Let q(g) = 2*g**2 + 42*g + 10. Let h(s) = -s**2 - 22*s - 5. Let f(m) = -11*h(m) - 6*q(m). Give f(-10).
-5
Suppose -3*b + 8 = -118. Let o = -1 + 4. Let h be o/(-18) - b/(-36). Let i(z) = 6*z**2 + 2*z - 1. What is i(h)?
7
Let a(k) be the third derivative of -k**6/360 + k**5/120 + k**4/6 + 3*k**3/2 - 8*k**2. Let o(h) be the first derivative of a(h). Calculate o(0).
4
Let q(a) = 23*a**2 - 20*a + 23. Let w(m) = -6*m**2 + 3*m**2 + 8 + 11*m**2 - 7*m. Let j(x) = -6*q(x) + 17*w(x). Give j(2).
-8
Let h be (-128)/5 + 6/(-15). Let x = h + 24. Let o(t) = 3*t + 2. What is o(x)?
-4
Let i(f) = f**3 + 5*f**2 + 4*f - 2. Let c be i(-3). Let j(o) = -2*o**2 - o - 1. Let g(s) = s**2 + 1. Let u(k) = -7*g(k) - 3*j(k). Determine u(c).
-8
Suppose 126*m - 64*m = 310. Let z(h) be the third derivative of 1/120*h**6 + 1/6*h**4 + 0 + 8*h**2 - 1/15*h**m - 2/3*h**3 + 0*h. Give z(3).
-1
Let u be -7 - -2 - (-1 + 1). Let x(o) = -o**3 - 4*o**2 + 5*o + 3. What is x(u)?
3
Let n be -3 + 4 - (-2 + 3). Suppose 2*q - c + 1 = -n*q, 2*q + 4*c = 4. Suppose q = k + 4*t - 17, 0*k - 5 = 5*k + 2*t. Let l(y) = y + 2. Determine l(k).
-1
Let k(s) = -s**3 - 5*s**2 + 6*s - 4. Let l = 5 - 43. Let a = l + 57. Let u = 13 - a. Give k(u).
-4
Let h(r) = 2*r**3 - 3*r**2 - 4*r. Let u be h(3). Suppose 5*f - 4*x = 27, -u = f + 4*x - 6. Let m(w) = -7*w - 1 - 2*w**2 + 3 - 6*w**2 + 9*w**2. Calculate m(f).
-10
Let c(m) be the third derivative of -m**5/60 - 5*m**4/24 - 2*m**3/3 - 2*m**2. Let p(v) = v**2 - 24*v + 59. Let y be p(3). Give c(y).
0
Let u(r) be the first derivative of -r**3/3 - 9*r**2/2 - 8*r + 5. Let d = -169 - -160. What is u(d)?
-8
Let u be -6*(2 - (-15)/(-6)). Let v(w) = w**3 + 0*w**3 - 2*w**u + 9*w + 7 - 5*w**2. Let t be (-11)/((-44)/(-36)) - -3. Determine v(t).
-11
Suppose -2*v = -37 + 25. Let c(d) be the first derivative of -5/3*d**3 - 6*d + 3 + 1/4*d**4 - 2*d**2. Determine c(v).
6
Let s(p) be the third derivative of p**5/60 + 11*p**4/24 + p**3/6 + 24*p**2. Give s(-6).
-29
Let j(k) = -k**2 - 3*k - 5. Let y be (-340)/136*(-1 - (-18)/10). Calculate j(y).
-3
Let w(b) be the second derivative of b**5/20 + 7*b**4/12 + 4*b**3/3 + 5*b**2/2 - 57*b + 5. Let n be (5/2 - 2)*-12. What is w(n)?
-7
Let m(x) = -x + 19. Suppose -53*g = 20*g - 949. Determine m(g).
6
Suppose -3*u = u - 8. Suppose -2*o - u = -4*o. Let v(p) be the second derivative of -5*p**3/6 - p**2/2 + p. Calculate v(o).
-6
Let f(i) = i + 118 - 40 - 43 - 40. Give f(8).
3
Suppose -23*a = -20*a + 30. Let g(d) = -2*d + 2*d - 2*d + 11 + 3*d. What is g(a)?
1
Let b be (-40)/(-4) + 0 - 0. Let r(w) = -w**2 + 9*w + 15. Let p be r(b). Let f(t) = -p*t**3 + 3*t**2 - t - 2*t + 4*t**3 - 1 + 2. What is f(3)?
-8
Let g(m) = -m**2 - 3. Let r(f) = f**3 + 3*f**2 - f + 24. Let n(p) = 3*g(p) + r(p). What is n(0)?
15
Let b(w) = w + 1. Let i be b(2). Let s(a) = 61*a + 4 - 30*a + 0 - 32*a. Give s(i).
1
Let d(f) = 10*f**3 - f**2 + f - 1. Let b(n) = n**3 - 26*n**2 - 2*n + 62. Let u be b(26). Suppose -2*w - 2*w - 36 = 0. Let k = w + u. Calculate d(k).
9
Let y(f) = -5*f - 2 - 976*f**3 + 2*f**2 + 0*f**2 + 977*f**3. Suppose -5*d = 1 - 6. Suppose g + d = 0, 6*g + 2 = l + g. Determine y(l).
4
Let m(z) = 11*z**3 + 23*z**2 - 3*z - 2. Let d(j) = -4*j**3 - 8*j**2 + j + 1. Let u(l) = 8*d(l) + 3*m(l). Let a = -46 - -22. Let y = -29 - a. What is u(y)?
7
Let h be 392/140 + 1/5. Suppose -b - 1 = 3*j, -2*b + 1 = h*j - 3. Let g(v) be the second derivative of -v**4/12 + v**3 - 5*v**2/2 - v. Give g(b).
0
Suppose 2*f - i + 3 = 0, -5*f - 3 - 9 = -4*i. Suppose w + 4*o = -7, -5*w + f*w + 15 = -5*o. Let k(r) = -2*r**2 - r. Give k(w).
-3
Suppose -4*n + 4*d = 16, 6 = -5*n - 5*d - 54. Let g = 11 + n. Let z(v) = -5*v - 10 + 19 + v**3 - 2*v**g - 4*v**2 - 12. Give z(-3).
3
Let t(f) = -127*f - 165. Let x(r) = 45*r + 55. Let o(m) = 6*t(m) + 17*x(m). What is o(21)?
8
Let h(s) be the third derivative of -s**6/120 + s**5/10 + 2*s**4/3 - s**3/2 - 158*s**2. Determine h(8).
-3
Suppose -10 + 34 = 3*k. Suppose -2*f - k = -18. Suppose -3*q + 18 = 3*r, -q - 14 = -f*r + 2*q. Let p(a) = a**3 - 3*a**2 - 2*a - 3. Calculate p(r).
5
Let n(k) = -k**3 - 5*k**2 - k - 2. Let l be n(-5). Let b(h) = 12 - 5 - 8*h - h**l + 27*h**2 - 36*h**2. Calculate b(-8).
7
Let g(x) be the second derivative of -x**2 + 1/2*x**3 - 1/6*x**4 + 0 - 13*x. What is g(3)?
-11
Let d(p) = -2*p**2 + 5*p + 3. Let i = 22 - 19. Suppose -m + 2*g - 8 = 0, 0 = -5*m + 4*g + i - 67. Let t be m/(16/(-4)) - 0. Calculate d(t).
-9
Let t(x) = x**3 + 5*x**2 - 9*x - 6. Let p be ((-3)/4)/(8/832*13). Determine t(p).
12
Let w = -185 + 270. Let s = 90 - w. Let j(r) = r**2 - 5*r - 3. What is j(s)?
-3
Let w(f) = f - 5. Let p = 702 + -690. Give w(p).
7
Let w(t) be the second derivative of t**5/20 + t**4/6 - 7*t**2 - 8*t + 6. Calculate w(0).
-14
Let j(h) = h**3 - h**2 - h - 2. Let u be 12/7 + (-4)/(-14). Suppose -1 - 3 = -u*k. Give j(k).
0
Let q(n) = 4*n**2 + n - 2. Suppose -4*h + 1 = -5*b - 7, -5*h + 10 = -b. Give q(h).
16
Let s(l) be the first derivative of -l**2 + 256. Calculate s(-2).
4
Let x(n) = n**2 - n**3 - 39 + 4*n + 16 + 24. Determine x(3).
-5
Suppose -5*u - 4 = -0*x + 2*x, 5*x + u - 13 = 0. Let v(y) = -2*y**3 + 50*y**2 - x*y - 23*y**2 - 22*y**2 + 6 + y**3. Calculate v(5).
-9
Let n(y) = y**3 - 2*y**2 + y + 2. Let a be 7/(3 - -4)*-2. Calculate n(a).
-16
Let f(k) be the second derivative of k**4/12 + k**3/2 + k**2/2 + 62*k. Calculate f(-4).
5
Let r(j) = -j - 6*j**3 - 118 + 267 - 150. What is r(-1)?
6
Let q(z) = -2*z**2 + 5*z - 5. Let d be 37/((-37)/(-8)) + (0 - 4). What is q(d)?
-17
Let f(g) be the second derivative of 3*g**3/2 + 5*g**2/2 - 776*g. What is f(7)?
68
Let f(x) = x**2 - 5. Let d be ((-9)/(-18))/(1/4). Suppose -d*q = -4*q + 6. Suppose 2*t + t - 3*m + q = 0, 3*t - 27 = -3*m. Give f(t).
11
Let t(w) = 5*w. Let z(b) = 31*b + 28. Let i(k) = 6*t(k) - z(k). Give i(-21).
-7
Let o(j) = -j**2 - 7*j + 7. Let i be o(-7). Let d(x) = -x**3 - 4 + i*x + 1 + 2*x**2 + 3*x**2 - 1. Give d(6).
2
Let h(y) = -y**3 - 6*y**2 + 2*y + 7. Let d be 8 + (-4 - -1 - -1). Suppose -d*c - 58 = 26. Let q be (18/21)/(2/c). Calculate h(q).
-5
Let u(f) = f**2 + f + 5. Let b(w) = w**2 + w + 6. Let o(s) = -2*s + 1. Let j be o(2). Let d(p) = j*b(p) + 4*u(p). Let r = 3 - 6. Give d(r).
8
Let z(k) = k + 1. Let m(x) = -19*x - 55. Let v(g) = -4*g - 11. Let o(h) = -2*m(h) + 11*v(h). Let y(q) = -o(q) - 4*z(q). What is y(-5)?
-3
Let o = 5 - 3. Let v(l) = -l**3 + 6*l**2 + 5. Let u be v(6). Let k(d) = -4 + 4 - 1 - 3*d + u*d. What is k(o)?
3
Let f = 16 - 10. Let u(k) = -k - 6. Let a(t) = 2*t + 18. Let l(x) = 3*a(x) + 8*u(x). What is l(f)?
-6
Let y(q) be the first derivative of -12*q**2 - q + 377. Determine y(2).
-49
Let d(q) = 3*q**3 - q**2 + 2*q - 4. Let y(j) = -j - 1. Let m(f) = -d(f) - y(f). Let o(w) be the first derivative of m(w). Give o(1).
-8
Let a = -17 + 11. Suppose -7*c + 4*c + 6 = 0. Let g(l) = -11*l**2 + 10*l**c + 6 - 8*l + 2*l. Give g(a).
6
Let f(o) = -o**2 + 9*o - 2. Let u be 2/(-6)*(-1 - 3 - 29). Let a = -2 + u. What is f(a)?
-2
Let i(b) = -b**3 + 15*b**2 - 14*b + 13. Let f be i(14). Let x = f - 13. Suppose 2 = -2*h - x. Let o(u) = 2*u + 1. What is o(h)?
-1
Let k(m) be the second derivative of 5*m**3/6 - m**2 - 2*m. Let c be (-1)/(-2)*(-102)/(-17). Calculate k(c).
13
Let u = 2 - -2. Let c(y) = -4*y**2 + 3*y - 6*y - 4*y + y**3 + u + 0*y. Calculate c(5).
-6
Let s(r) = -r**2 + 5*r + 6. Let k be (5 - 16) + 4 + -2. Let c be (-2)/6*(k + -12). Determine s(c).
-8
Let a(u) = 3*u + 8. Let g be a(6). Suppose 0*p + 3*p = 3*b - 18, 4*p + g = 5*b. Let s(n) be the first derivative of -n**2/2 - 1. What is s(b)?
-2
Let l(w) be the first derivative of -1/2*w**2 + 9 + 1/20*w**5 - 1/4